hat is the value of (-29 - -14) + (5 - (4 - 60))?
46
What is the value of (-88 - -182) + -89 + -17?
-12
What is the value of 103 + (-94 - -33) - 99?
-57
Evaluate 17 + (14 - -12) - 63.
-20
Calculate -9 + -32 + 39 + -25 + (-2 - -1) + 0.
-28
Evaluate -17 - (-73 - 3 - (4 - (-7 + 13))).
57
Evaluate (586 - 533) + (-98 - 0).
-45
Evaluate 6 - ((22 - (-13 - -15) - 13) + (-39 - -1)).
37
(-8 - (-21 - (9 - 11))) + (18 - (0 - -14))
15
-55 + 130 + -52 - 78
-55
Calculate 17 - (5 + -3 + (15 - 15 - -4)).
11
What is (-4 - (20 - 28)) + 21 + -5?
20
Calculate 47 - 46 - ((-4 - -2 - -5) + 5 + 5).
-12
What is the value of (3 + (1 - 26) - (65 - 83)) + 0 + -27?
-31
Evaluate 3 - (3 - (183 + -190 + (34 - -1))).
28
Evaluate -1937 + 1948 - ((-4 - (5 - 9) - -2) + 62).
-53
1 - -38 - (-14 + (-13 - (-2 - -1)) + 22)
43
(8029 - 8059) + (37 - 1)
6
What is the value of -32 + (-21 - (-14 + -8 + 15) - -6)?
-40
What is the value of 43 - (-61 - -42 - (-161 + 7))?
-92
Evaluate 0 - -76 - ((-47 + 47 - 56) + 46).
86
Evaluate -33 + -1 + 34 + 10.
10
What is -3 - (-50 + (-56 - -115) - ((0 - 1) + 41))?
28
(-748 - -727) + (17 - 75)
-79
(774 - 720) + (21 - 9)
66
Calculate (1 + -2 - 4) + (-19 - -2 - (8 + -8)).
-22
Evaluate (102 - -39 - 134) + -1 + -1 + -24.
-19
What is the value of (-98 - -17) + -23 + (-11 - -1 - -11)?
-103
109 - (-7 - (-12 - (-30 + 14 + 4 - -12)))
104
Evaluate 21 - 9 - (370 + -331).
-27
-113 - (-1 - (4 - 4)) - (386 + -370)
-128
Evaluate (-45 - -48 - 56) + 47.
-6
What is the value of -6 + 0 + 123 + -87 - 12 - 11?
7
-21 + -113 + -87 + 183 + (129 - 1)
90
What is the value of 6 + 3 - -1 - (-7 + (7 - -11 - -3))?
-4
What is (41 - 40) + (4 - (-1 + (6 - 9)))?
9
Evaluate (-24 - -17) + -6 + (4 - 9) + -1.
-19
-71 - (48 + -30 + -33)
-56
What is 154 + (-22 - (-20 + 25 + -3)) - (1 + 13)?
116
What is the value of (10 - -6) + (-24 - 16)?
-24
What is the value of -6 + (-8 + 14 - -3 - (7 + 48))?
-52
What is the value of 7 + -10 + 32 + (4 - (-24 - -12 - -21))?
24
Calculate -70 - (16 - (1 + 18) - 16).
-51
Calculate 26 + (-112 + 34 - 74).
-126
What is the value of 80 + -126 - (2 - 65)?
17
What is the value of (-2 - -105) + (1 - (-14 + 4 + -3) - 6)?
111
Evaluate -132 + (40 - 31 - 4) + 21.
-106
Evaluate (1 - (2 + (6 - 8))) + -26 + -30 + 25.
-30
What is (-76 - (12 - -64)) + 104?
-48
Evaluate 0 + -9 + 4 + 11 + 106 + (-14 - -4).
102
Evaluate 61 - (40 + -167 + 233).
-45
What is the value of (30 - (15 - -50)) + 36?
1
What is the value of 31 + (-52 - -14) - -30?
23
Evaluate 14 - -12 - (-14 - -70 - -70).
-100
Calculate -18 - -12 - (-24 + 23 + -2).
-3
Evaluate 27 - (-26 + 24 + 24).
5
((8 - 29) + 20 - (18 - 5) - -37) + 10
33
Calculate -274 + 241 + (10 - (-2 - -1)).
-22
Evaluate (-1 - 2) + (357 - (384 + 34)).
-64
Calculate 16409 + -16492 + 167 + -2.
82
What is the value of (-22 - -29) + -2 + 0 + (67 - 71)?
1
Evaluate (0 - 1) + -5 + -3 + (1 - 9) + 4.
-13
What is -33 + 31 + (26 - (38 - -2))?
-16
12 - (-1 - (-13 + 2 - 1)) - 12 - -17
6
(-165 - -195 - (-1 + 44)) + -2 + 93 - -10
88
Evaluate (-3 - -26) + -75 + (1 - -20).
-31
Calculate -19 + (122 - 82) + (-4 - -10).
27
What is the value of 52 + (37 + 38 - 149)?
-22
What is the value of -2 - (-98 + -88 + 269)?
-85
What is (21 - (10 + 2)) + -56?
-47
What is the value of -26 + (24 - (-64 + 33 - -96))?
-67
Calculate -62 + 1 - (-21853 - -21867).
-75
-22 + (7 + 1 + 1 + (23 - 22) - 20)
-32
Calculate (-6 + 0 - (-50 - -53)) + 9 - (-11 - 34).
45
What is 23 + (332 + -359 - (1 - 9))?
4
Evaluate (1 + -14 - -8) + 3 + 18 + 7.
23
Calculate 27 + (-13 + (11 - 4) + 11 - -10).
42
(49 - 2) + -6 + 15 + -4 + -2
50
Calculate (4 - 3 - 7) + (8 - -20) + -33 + -35.
-46
Evaluate -4 + 4 + 1 + 90 + 3 + (16575 - 16578).
91
Evaluate 0 - 2 - -163 - (7 + 18 - (-9 - -24)).
151
What is 55 + (-20 + -3 - 18)?
14
Evaluate 482 + -495 - (-31 - 1) - (-6 + 3 + 4).
18
What is the value of (-50 - 6 - -23) + (3 - 2)?
-32
What is (433 - 354) + (5 - (-16 - 3))?
103
Evaluate 1865 + -1909 + (21 - 0).
-23
What is (-6 - (9 - 1)) + (-6 - 8 - (7 - -1))?
-36
What is -1 + -21 + (-4087 - -4074)?
-35
What is the value of -27 + 20 + 60 - 45?
8
Evaluate 3 + -3 + -49 + -16073 + 16113.
-9
What is -35 - (-8 + (-11 - (10 + -7)) + 21)?
-34
17 + (1 - -16) + -80
-46
Calculate 4 + 1 + (-31 - (-31 - (-52 + 17))).
-30
Calculate 84 - (-3 - 1) - ((-38 - -26) + 21 + 2).
77
What is (8 - (0 + 20)) + 14 - (-71 + (3 - -2))?
68
What is 7 - (77 - (66 - 4))?
-8
Calculate -235 + 123 + 99 + (1 - 0 - 3).
-15
Calculate -3 - -18 - (14 + (-14 - (17 - 92))).
-60
-91 + (-115 - -82) - -191
67
What is the value of 17 + (-36 + -33 - -29)?
-23
Evaluate 48 - (3 + -3) - (-23 + -14 + 36) - 10.
39
Calculate (1 - (-5 + -3 + 1)) + -2 - (-24448 - -24499).
-45
Evaluate (4 - -18) + -16 + -1 + 4 - 20.
-11
(16 + 17 - (3 - -10)) + -51
-31
(4665 - 4725) + -2 + -66
-128
What is -9 + 29 + -55 + 39?
4
-9 - (-26 - -16) - -9 - (7 - 1) - 85
-81
Evaluate 19 + (9 - (-2 + 1 + 14)).
15
-6 + (-1 - -20 - 1) - (-5 + -2)
19
What is 27 + (-13 - 12) - (0 - -2 - (-59 - -9))?
-50
Evaluate -6 - (3 + 5 + (-2 - -3) - (64 + -45)).
4
What is 6 - 9 - (7 + -4 - -8) - 10?
-24
What is the value of (-3 - ((-12 - (5 - 8)) + -2 + 5)) + 79?
82
(-45 - -47) + (9 - -4) - (127 - 35)
-77
Evaluate 19 + -89 + 36 + -9.
-43
What is -21 - (2 + -7 - (-24 + 10) - 47)?
17
(0 - -45) + 0 - (-5252 - -5355)
-58
Calculate -159 - (-71 + (-63 - -86)).
-111
8 + (-24 - (-12 - -32 - 9)) + -5 + -5
-37
Evaluate -52 + 4 + -15 + 8 + (18 - 14) + 15.
-36
Evaluate 131 + -163 - (-27 - -2) - -21.
14
What is the value of (118 - (58 + 51)) + (2 - 0 - (8 - 3))?
6
-2 + 14 - (-39 - (-31 - (-29 + 1)))
48
Calculate 25 - (1493 + -1416 - (-6 - 1)).
-59
Evaluate (26 - 1) + (-432 - -416) - 51.
-42
What is the value of 1 - 45 - (34 + -36)?
-42
Evaluate -22 - (20 + (-7 - 9) - 76).
50
What is the value of (-26 - (-12 - 1)) + (-72 - -6) + 11?
-68
Calculate -10 + (1 - 3) + (38 - 61) + 7 + 28.
0
What is (-12 - 13) + 32 - (3 - -1) - 5?
-2
24 + (50 + -80 - -106)
100
Evaluate -32 + 1 + -2 + (9 - -1) + 720 + -730.
-33
Evaluate (188 - 176) + 77 + -2 - 21.
66
What is 69 + 38 - 75 - (1 - (-11 - 3))?
17
Evaluate 8 - (-77 - (-2 + -1 - (17 + 2))).
63
19 - (57 - (74 + 14))
50
Evaluate (-19 - (-63 - -73)) + 60 + -4.
27
(-59 - (-103 + 25) - (65 + 1)) + 1
-46
What is the value of (-9 - (-17 - -34 - 13)) + -3?
-16
What is the value of -1 + 115 - (-3 - 7 - 0 - (649 + -644))?
129
71 + -46 + 46 - (-5 - (4 + -9))
71
Evaluate -2 + 2 - 3 - ((37 + 6 - -21) + -22).
-45
What is -163 + 71 + -73 + 91?
-74
Evaluate -120 + 25 + 3 + (69 - 74) + (-1 - 1).
-99
Evaluate -741 + 697 - (-21 + 2).
-25
What is the value of -56 - 6 - -66 - -75?
79
88 + -47 + -51 + -92
-102
What is the value of 50 - (-26 + 133 + -31)?
-26
What is the value of -66 + (66 - -20) - (3 - -22)?
-5
What is (-15 - (43 - 52)) + 80?
74
Calculate 141 + (1 - (1 + -13) - (136 - (-7 - -134))).
145
Evaluate (3 - -12) + (-72 - (4 + (13 - 3))).
-71
What is (-6 - -22 - (-11 + (27 - -1))) + -28 + 0?
-29
Calculate 32 + (-12 - ((-19 - -11) + 37)).
-9
Evaluate 3166 + -3025 - (-2 - -170).
-27
Calculate (41 - 24) + 178 - 130.
65
Calculate 5 + 11 + -16 - -37.
37
What is 1 + 0 + (-97 - (-74 + 37)) - -12?
-47
What is the value of 26 + (4 - 4) - (-498 + 488)?
36
What is -2 + (0 - (-35 + -2)) - (-1552 - -1541)?
46
6 + 5 - (47 - (0 + 9 - -4))
-23
Calculate (133 - 127) + (-1 - (4 - -1)) - (2 - 27).
25
4 - (26 + (15 - 28) + 6) - -14
-1
What is 52 - 60 - (-68 - -10 - -2)?
48
What is -30 + (-32 - 10 - -35) + -112?
-149
What is (38 - (-22 - (-28 - 2))) + 26?
56
Calculate -4317 + 4321 - (39 + -1 + 2).
-36
Calculate -5 + 1 + -14 + (7 - (-9 - 9)).
7
What is 7 - (8 - (1 + 9 - (-19 + 96)))?
-68
What is (11 - 49) + 15 + -15?
-38
2884 + -2833 + 13 + 0
64
(51 - 35) + -51 - -31
-4
What is the value of (-85 - -215) + -141 + -1 + -42?
-54
118 - (54 - -108) - -118
74
-26 + 2 - (1313 - 1332)
-5
What is the value of (-14 - -15) + (-40 - 5) + (-1 - 0)?
-45
What is the value of (-1 - 0) + 58 - (-7 - (49 - 28) - -24)?
61
What is -44 + 27 + (11 - -21) + 0 + -28 - 42?
-55
Evaluate -12 - 91 - (-28 + (19 - 1) + 7).
-100
Evaluate 5 + -1 + 17 - (-236 + 178).
79
-83 + (209 - 129) + -14 + -1 + -1
-19
Evaluate 0 - (19 - 20 - ((11 - -2) + (4 - 1))).
17
Evaluate 1 + 8 + -1 + (10 - 9) + -150 + 143.
2
What is -149 + -55 + 132 + 8?
-64
What is 2 + -5 - 77 - (-34 + 